ed by y - (2 + 2 + -2)?
25
Let i(y) = -3*y + 35. Let x(p) = p**3 + 5*p**2 + 4*p + 4. Let a be x(-3). What is the remainder when 14 is divided by i(a)?
4
Suppose 2*h + 326 = 2*y, 4*y - 297 = -2*h + 325. What is the remainder when y is divided by 20?
18
Let h be 2*(21/6)/7. Suppose 2*w - 20 = 2. Calculate the remainder when h/2*814/w is divided by 13.
11
Suppose -144 - 128 = -8*a. Let m = 38 - a. What is the remainder when 10 is divided by m?
2
Suppose -2489*g + 2487*g + 20 = 0. Let b = -20 + 56. What is the remainder when b is divided by g?
6
Suppose -56 = -4*i + 156. What is the remainder when 142 is divided by i?
36
Suppose 611*l - 1312 = 595*l. What is the remainder when 321 is divided by l?
75
Suppose -50 = -9*u - 14. What is the remainder when 70 is divided by u?
2
Let x(g) = g**2 - 10*g + 27. Calculate the remainder when 113 is divided by x(7).
5
Let q(z) be the first derivative of -2*z**2 - 13*z + 1. Suppose 5*t = 5*x + 7 - 17, 4*t + 5*x - 37 = 0. What is the remainder when q(-4) is divided by t?
0
Let i(j) = 6*j**2 - 18*j - 41. Calculate the remainder when i(-4) is divided by 33.
28
Let m = -8 + 11. Suppose m*n - 156 = -3*d, -2*d + 192 = 2*d - 4*n. Suppose 2*v - 26 = -0*v. What is the remainder when d is divided by v?
11
Suppose 0 = -254*f + 249*f + 160. Calculate the remainder when 43 is divided by f.
11
Let y(u) = u - 1. Let a be y(7). Let g(o) = -o + 6. Let b be g(a). Suppose b = f + 2 - 47. Calculate the remainder when f is divided by 12.
9
Let j = 2 + -3. Let g be j/((-4 - -3)*1). Calculate the remainder when 23 is divided by (-6)/((-12)/8 + g).
11
Suppose 2*q + 1 = -3*p - 1, -q + 5*p = -25. Calculate the remainder when q is divided by 2.
1
Let i = 36 + 0. Let x = 109 + -109. Suppose x = 5*j + 4*d + 14 - 68, 3*j - d = 29. What is the remainder when i is divided by j?
6
Suppose x = -4*n + 38, -43 = -3*x - 2*n + 31. Suppose 9*p = 7*p - 66. Let i = 10 - p. What is the remainder when i is divided by x?
21
Suppose -4*z = 3*i - 25, -5*z = -0*i - 5*i - 5. Calculate the remainder when 23 is divided by i.
2
Suppose 32 = -4*d - 28. Let p = 61 + -42. Calculate the remainder when (-5)/10*(-5)/(d/(-216)) is divided by p.
17
Let j(y) = y**3 - 10*y**2 + 6*y - 6. Let r be j(11). Suppose 4*l - 2*i = r + 257, 2*l - 4*i = 216. Calculate the remainder when l is divided by 14.
12
Suppose -525 = -3*o - o + z, 5*z = 15. Calculate the remainder when o is divided by 15.
12
Let d be ((-154)/(-33))/((-1)/(-27)). Let k = -117 + d. Calculate the remainder when 4/(-1)*50/(-8) is divided by k.
7
What is the remainder when (-96)/224 + (-6345)/(-7) is divided by 130?
126
Let o(h) = h**2 - 21*h + 32. What is the remainder when o(-14) is divided by 33?
27
Suppose 83*s + 85*s - 167*s = 160. Calculate the remainder when s is divided by (-1)/3*-1*123.
37
Let j(g) = 5*g**2 - g + 3. Calculate the remainder when j(-4) is divided by (473/172)/(-2*(-1)/16).
21
Let r(j) = j**3 - 10*j**2 - 8*j - 6. Let x be r(11). Calculate the remainder when -4 + x/6 + 238/4 is divided by 21.
18
Let k = -8 + 11. Suppose k*m - 6*t + 2*t = 67, -4*m + 101 = -3*t. What is the remainder when m is divided by 4?
1
Let q(x) = x**2 - 4*x + 10. Suppose 0 = 4*l - 16, -l + 312 = 5*p - 3*l. What is the remainder when p is divided by q(6)?
20
Let u = 631 + -463. Calculate the remainder when 834 is divided by u.
162
Calculate the remainder when 296 is divided by 11*1 + -72 + 76.
11
Let q(w) = -5*w**2 - w + 2. Let x be q(1). Let c(o) = -14*o + 3. What is the remainder when c(x) is divided by 15?
14
Let d(s) = 18*s**2 + s. What is the remainder when d(3) is divided by (5 + -8)/3 - (-28 + -1)?
25
Suppose -131 = 3*m + 289. Calculate the remainder when 81 is divided by (m/25)/(2/(-15)).
39
Calculate the remainder when 9003/27 + 3 + 12/(-27) is divided by 49.
42
Let h = 262 - 237. What is the remainder when h is divided by 25?
0
Let m = -322 + 346. What is the remainder when 69 is divided by m?
21
Suppose 0 = 3*h - h - 44. Let w(u) = u + 37. Let k be w(7). Suppose 0*r + 5*r = b - k, -b = 2*r - 72. Calculate the remainder when b is divided by h.
20
Let m be ((-1)/(-2))/(-5*(-1)/1570). Suppose 4*b + 187 = -193. Let t = m + b. Calculate the remainder when t is divided by 16.
14
What is the remainder when 229 is divided by (40/(-48))/((-9)/270)?
4
Let o be (-393)/4 - (66/(-24))/11. Let l = o - -109. Calculate the remainder when l is divided by 7.
4
Let d(n) = n**3 - 8*n**2 + 2*n + 32. What is the remainder when 183 is divided by d(8)?
39
Suppose 3*d + w - 50 = 0, -7*d + 5*d + 30 = 4*w. What is the remainder when d is divided by 2?
1
Let v = -211 - -218. What is the remainder when 149 is divided by v?
2
Let j = -1701 - -1718. Calculate the remainder when 1306 is divided by j.
14
Let u = 10 - 15. Let g = u + 19. Let w = 30 - 3. Calculate the remainder when w is divided by g.
13
Suppose -4*f + 67 = 19. Let p be -4 - 1/((-4)/f). Calculate the remainder when 27 is divided by 7 - (3/p - 0).
7
Suppose -d - 9 = -37. Let l = -41 - -43. Suppose -2*q + 26 = -2*c, -5*c + 17 = 3*q + l. What is the remainder when d is divided by q?
8
Suppose -5*i + 5 = -2*k, -5*k = -10*k - i + 55. What is the remainder when 167 is divided by k?
7
Suppose -2*q - 70 = -2*x, 85 = -9*x + 12*x + 2*q. Calculate the remainder when 176 is divided by x.
21
Suppose l - 271 = -5*f + 1868, 5*l + 1261 = 3*f. Calculate the remainder when f is divided by 54.
49
Calculate the remainder when 125 is divided by (-330)/(-10) - (-7 - -18).
15
Let l(a) = a**2 + 4*a. Let c be l(-4). Suppose -z + c = -3. Calculate the remainder when z/(-5) + 98/5 is divided by 12.
7
Let r be 1 + 10/(-5) - -7. What is the remainder when 25 is divided by -4 - 26*(-3)/r?
7
Suppose -2*y + 7*y - 2*d = 62, 28 = 2*y - 4*d. Let t(o) = o**2 - 2*o - 7. Let z be t(2). Let c = y - z. What is the remainder when c is divided by 11?
8
Suppose 2*p - 42 = -2*p - 3*b, 3*p - b = 25. Calculate the remainder when 68 is divided by p.
5
What is the remainder when 6 - (40/4 - 1717) is divided by 143?
140
Let y(k) = -k - 11. Let l be y(-8). Let x = l - -13. Suppose 4*g = 3*p - 39 - 22, g = -4*p + 75. Calculate the remainder when p is divided by x.
9
Let m be (-358)/(-10) - (-6)/30. Suppose 0 = 4*v - 4*t - 4 - m, -25 = -3*v - 2*t. Suppose 2*c + v = 5*c. What is the remainder when 9 is divided by c?
0
Let w = -155 + 176. What is the remainder when 284 is divided by w?
11
Let f(j) = 22*j + 179. Calculate the remainder when 85 is divided by f(-6).
38
Let z be (-6)/4*(-64)/(-24). What is the remainder when 100/(-12)*-3 - z is divided by (-2)/(-4) + (-58)/(-4)?
14
Let m be 15/(-40) - (-86)/16. Suppose 5*n - m = 245. Let p(x) = -x**2 - 9*x - 5. What is the remainder when n is divided by p(-6)?
11
Suppose -b + 34 = 2*u, -5*u + 5*b + 43 + 42 = 0. Calculate the remainder when 151 is divided by u.
15
Let b(z) = -11*z - 3. Suppose -l + 4*v - 2 = 4, -4*v = -4*l. Suppose -12 = 3*u - l*c, -3*c - 3 = u - 4*c. Calculate the remainder when b(u) is divided by 22.
19
Suppose -3*g = 3*v - 93, 6*v = 7*v + 2*g - 29. Calculate the remainder when 392 is divided by v.
29
Suppose 5*s + 336 = 56. Let v = -26 - s. Suppose 0*j + 4*j + 3*i = 223, -3*i = 9. Calculate the remainder when j is divided by v.
28
Suppose 2*s - 3*s = -115. Suppose 0 = 3*w - s - 281. Suppose 5*l = 3 + w. What is the remainder when l is divided by 15?
12
Let n = 845 + -837. Suppose -4*b - 4*y + 59 = -85, -4*y + 27 = b. Calculate the remainder when b is divided by n.
7
Let n(l) = -56*l - 17. Calculate the remainder when n(-2) is divided by 14.
11
Let f(s) = -s**2 + 12*s - 10. Let h be f(11). Let o be (-2)/(h - 5)*-70. Let l = 102 + o. What is the remainder when l is divided by 17?
16
Let f = 63 - 59. Suppose f*n + 16 = 8*n. Suppose -1 + 3 = y. Calculate the remainder when n is divided by y.
0
Let a(q) = -q**3 - 7*q**2 - 9*q - 14. Let y be a(-6). Suppose 146 + 86 = y*v. Calculate the remainder when v is divided by 12.
10
Suppose -6*y + 29 = -4*y - j, -2*j - 43 = -3*y. Let q(l) = -l**2 - 8*l - 6. Calculate the remainder when y is divided by q(-5).
6
Let o = 1 - -4. Suppose -o*g + 0*g = 60. What is the remainder when 17 is divided by ((-30)/g)/(2/8)?
7
Suppose 4*y = -3*p - 575, 5*y - 2*y + 431 = -2*p. Let u = y - -388. Calculate the remainder when u is divided by 62.